**3 - 5*o**2 - o + 4. Let r(u) = u**3 + u**2 + u - 1. Let k(s) = 3*r(s) + x(s). What is the tens digit of k(4)?
4
Let k(a) = -2*a + a + 104*a**2 + 4*a - 2*a. What is the tens digit of k(1)?
0
Let r(j) = j**2 - 2. Let q be r(2). Let x(y) = -5 + 2*y**3 + y - 3*y**3 + 3*y - 8*y - 4*y**q. What is the tens digit of x(-4)?
1
Suppose 4*d + 2*b = -2*b - 464, d = -5*b - 116. What is the tens digit of (d/(-6))/(5/(0 - -15))?
5
Let x(g) = -8*g**3 + 12*g**2 + 47*g - 20. What is the hundreds digit of x(-5)?
0
Suppose -7*n + 10*n + 3 = 0, -b + 5335 = 5*n. What is the hundreds digit of b?
3
Let v be 6*(-2)/(-3 + -3). Let u = 220 + -128. Suppose 5*o - v*p - u = o, -2*p + 76 = 4*o. What is the units digit of o?
1
Let w = -42 + 20. Suppose -57*u + 68*u = -374. Let a = w - u. What is the units digit of a?
2
Suppose 5*p - 140 = 7*p. What is the hundreds digit of p/((-8)/36 - 5/18)?
1
Suppose -36*h + 11968 = -25*h. What is the hundreds digit of h?
0
Let g be 150/20*(-1 + -1). Let j = g + 21. What is the tens digit of (-35)/21*-1*j?
1
Let l be 6 - (4 - 1)/3. Suppose -l - 55 = -3*s. Suppose 3*d - s = 2*d. What is the units digit of d?
0
Suppose -3*l - l - 8 = 0. What is the units digit of 4 + 52/3 - l/(-6)?
1
Suppose 23*n - 32 = 19*n. Let q = -6 + n. What is the units digit of q?
2
Let t(x) = -12*x - 50 + 54 - 31. What is the units digit of t(-11)?
5
Let m be -6*6*27/(-6). Suppose -l = -13 - m. What is the tens digit of l?
7
Let q = 2456 + 669. What is the tens digit of q?
2
Let f(z) = -82*z - 100. What is the units digit of f(-12)?
4
Suppose -2*y + 3910 = -12*y. What is the tens digit of 1/(-3) - y/3?
3
What is the thousands digit of 149946/26 + (-234)/1521?
5
Let a(w) = w**3 - 6*w**2 + 4*w - 2. Let j be a(5). Let d = 16 - j. Suppose -42 = -4*f + f + 3*h, d = 2*f + 3*h. What is the tens digit of f?
1
Let w(o) = -1. Let a(p) = -11*p - 7. Let z(i) = -a(i) + 4*w(i). What is the units digit of z(5)?
8
Let q = 3842 - 1739. What is the thousands digit of q?
2
Suppose -s + 222 = -15. Let v(y) = -13*y**3 - 3*y**2 - 12*y - 19. Let c be v(-2). Suppose 4*h + c = s. What is the units digit of h?
5
Let h be (-84)/18*87*(-1)/2. Let p = h - 116. What is the units digit of p?
7
Let t = 14 - 10. Suppose 156 = t*l - 3*p - 103, -2*l + 4*p + 122 = 0. What is the tens digit of l?
6
Let a(p) = -p + 35. Let o be a(0). Suppose -2*w = -21 - o. What is the units digit of w?
8
Let l(v) = -32*v**3 - v**2 - v + 1. Let h be l(1). Let q = h - -45. What is the tens digit of q?
1
Suppose 36*y - 33*y - 41 = -5*g, -29 = -2*y - 5*g. What is the tens digit of y?
1
Let y(w) = 2*w + 1. Let k be y(-6). Suppose 0 = v + 4*v + 4*x + 187, 0 = 3*v + 2*x + 111. Let b = k - v. What is the units digit of b?
4
Let g(v) = 4*v + 18. Let j be g(-4). Suppose -j*n + 12 = -18. What is the units digit of n?
5
What is the tens digit of (-152 - -141) + 47*70?
7
Suppose -y = 2*l - 2587, -31*l = -32*l - 3*y + 1286. What is the tens digit of l?
9
Suppose -53 = d - 3*p - 251, 2*d = 4*p + 402. What is the hundreds digit of d?
2
Suppose -77*g + 4*h - 1838 = -79*g, -935 = -g + 2*h. What is the units digit of g?
7
Suppose -5*i - 5*k - 22 = -2, -4*i = -3*k - 12. Suppose 4*d + 2*l - 230 = i, -d = -2*d - 4*l + 68. What is the tens digit of d?
5
Let h(r) = -6*r**2 + 6*r - 3*r**2 - 3*r**2 + 11*r**2. Suppose -18 = -3*m - 3. What is the units digit of h(m)?
5
Suppose 0 = -4*z + z + 1248. Suppose 49 + z = 3*u + 3*a, 2*u - 3*a - 325 = 0. Suppose 2*w - 40 = 5*x, -2*x + u = 5*w - 0*x. What is the units digit of w?
0
Suppose -4*t + 9*t = 5*v - 17915, -7171 = -2*v + 3*t. What is the hundreds digit of v?
5
Let c be ((-6)/(-4))/((-6)/(-4) + -1). Suppose -c*q + 2*q = 5*m - 358, -5*m - 5*q + 370 = 0. What is the units digit of m?
1
Suppose -56 = 3*g + 2*a, -2*g - 12 = 5*a + 18. Let l be (-4)/(-20) - 116/g. Let h = l - -25. What is the units digit of h?
1
Suppose y = -3*y + 8. Suppose y*u + 1 = -3*v + 5, 0 = -v. What is the units digit of 45*1/(5/u)?
8
Suppose -3*n - 3*u = -36 + 6, n - 8 = u. What is the units digit of (-194)/3*n/(-6)?
7
Suppose -2*y + 11 = 3*a - 0*y, 4*y - 4 = 0. What is the units digit of a?
3
Suppose b = -x + 2*x, 16 = 4*x. Suppose b*t + 0*t - 4 = 0. Let d = 22 + t. What is the units digit of d?
3
Let f be (-7)/2*24/(-42). What is the tens digit of (0 - 1/f)*-198?
9
Let y be (12/8)/(1/2). Suppose -5*f = -y*i + 156, -f + 4*i - 9 = 29. What is the units digit of (-4)/10 - 162/f?
5
Let p = -10 - -20. What is the tens digit of p?
1
What is the units digit of (-57)/(-2)*(40/(-6))/(-5)?
8
Let r(k) be the first derivative of -7*k**2/2 - 2*k - 9. Let f be r(-2). Suppose -4 = -2*j + f. What is the units digit of j?
8
Suppose -q - 3*a = -12, q - 26 = -2*q - 4*a. Suppose -q*t = -3*t - 396. What is the tens digit of t?
3
Suppose -13*r + 17 = 4. What is the tens digit of ((-16)/(-4) - -38)*(2 - r)?
4
Let q = 1196 + -844. Suppose 4*x = -0*x + q. Suppose t = -3*t + x. What is the tens digit of t?
2
Let u = 9 + 136. What is the tens digit of u?
4
Let r = -1150 - -639. Let c = -1017 - r. What is the tens digit of ((-6)/4)/(11/c)?
6
What is the thousands digit of (-46668)/(-12) - (5 - -3 - 1)?
3
Suppose -5250 = -5*w - 5*s, 12*w - 5*s - 4200 = 8*w. What is the thousands digit of w?
1
Let o(b) = b + 74 - 4 - 19 + b. What is the units digit of o(-13)?
5
Let t = 704 + -491. What is the tens digit of t?
1
Suppose -1852 = -3*l - 5*s, l + 3*s - s - 619 = 0. What is the units digit of l?
9
Suppose 11 = 4*h + p, -3*p = h - 2*p + 1. Suppose -h*k - 5*d + 427 = 0, -3*k + 541 = 2*k - d. Suppose -a - k = -4*a. What is the tens digit of a?
3
Let j = 9396 + -4340. What is the hundreds digit of j?
0
Let p(g) = g**2 - 6*g - 9. Let r be (-21)/(-14) - -13*2/4. What is the units digit of p(r)?
7
Let z(u) = 2*u - 12. Let k be z(6). Suppose -57 = -3*x - k*x. Let g = x - -3. What is the tens digit of g?
2
Let r = 63 + -60. What is the tens digit of (r + 33/6)*4?
3
Let q = 14 - 12. Suppose 3*x = -q*x + 215. What is the tens digit of x?
4
Let m(q) be the first derivative of 7 + 1/3*q**3 - 9/2*q**2 + 10*q. What is the units digit of m(12)?
6
Let y(a) = a**3 + a + 1. Let k be y(2). Let b = -7 + k. Suppose -b*h + 18 = -2. What is the units digit of h?
5
Suppose 123*n + 5992 = 130*n. What is the tens digit of n?
5
Let n(k) = -4*k - 25. Let i be n(-11). Suppose -2*z - i = -313. What is the units digit of z?
7
Let q be (6/5)/(6/40). Let v = -4 + q. What is the units digit of v - 5 - 3*-1?
2
Let b = -91 - 165. Let f = -104 - b. What is the units digit of f?
2
Let u(n) = -n**2 + 11*n + 2. Let j be u(9). Let s = j - 15. Suppose 4*a - s*y - 22 = a, 5*y = -10. What is the units digit of a?
4
Suppose -14 = -a - 4. Suppose -a*u - 3 = -11*u. What is the units digit of u?
3
Let d be (-1 - 3) + 387 + -11. Suppose 3*q + q + 615 = 5*k, 3*q + d = 3*k. What is the tens digit of k?
1
Let z = 190 + 157. What is the hundreds digit of z?
3
Suppose b = -83 + 20. Let k = b + 207. What is the tens digit of k?
4
Let w be (16 - 2) + 1 + -3. Suppose -76 = -v - w. What is the tens digit of v?
6
Let j = 1102 - 640. What is the hundreds digit of j?
4
Let s be 194/(-18) + 8/(-36). Let p = s - -26. What is the tens digit of p?
1
Let d = 16 + -16. Let o(s) = -s + 2. Let g be o(1). Let t = g - d. What is the units digit of t?
1
What is the thousands digit of (-14902)/(-8) - ((-54)/(-72) - 2)?
1
Suppose 2*m = 4 + 6. Let o(b) = 4*b - 6*b - b**3 - b + 8*b**2 - 10 + m*b. What is the units digit of o(8)?
6
Suppose -3*g - 2*q + 7 = -3*q, 0 = -2*g - q + 8. Let o(m) = m - 1. Let u be o(g). Suppose h = -u + 5. What is the units digit of h?
3
Let p(n) = n**2 - 9*n + 5. Let c be p(9). Suppose j = -0*j + c. Suppose 2*v + 5*a = 11, -a - 3*a = -j*v + 11. What is the units digit of v?
3
Let f(j) = 2 + j - 2 - 4. Let l(h) = -9*h + 39. Let a(q) = 21*f(q) + 2*l(q). What is the units digit of a(13)?
3
Suppose -g = -2*c + 7*c - 267, 0 = 2*c + 4. What is the tens digit of g?
7
Suppose 5*u = -4*h - 0*h - 930, u + 4*h = -202. Let g = -88 - u. Suppose -l - 8 = r - 30, -g = -5*l - r. What is the tens digit of l?
1
Suppose -18 = -a + 5*b + 135, 3*a = -2*b + 459. Let x be (-103 - 2/(-10)*-5) + -1. Let g = a + x. What is the tens digit of g?
4
Let m(t) = -t + 7. Let k be m(4). Let r be (-18)/27*78/(-2). Suppose -r = -k*z + z. Wha